
What is the remainder when 86581 is divided by 468?
1
What is the remainder when 52338 is divided by 5233?
8
Calculate the remainder when 1694 is divided by 1392.
302
Calculate the remainder when 80829 is divided by 735.
714
What is the remainder when 58103 is divided by 29?
16
Calculate the remainder when 11545 is divided by 1007.
468
What is the remainder when 358238 is divided by 89557?
10
What is the remainder when 194624 is divided by 27785?
129
Calculate the remainder when 24888 is divided by 452.
28
Calculate the remainder when 69263 is divided by 624.
623
What is the remainder when 99820 is divided by 551?
89
What is the remainder when 187607 is divided by 187606?
1
Calculate the remainder when 708803 is divided by 141.
137
Calculate the remainder when 253 is divided by 12.
1
Calculate the remainder when 22118 is divided by 496.
294
Calculate the remainder when 231992 is divided by 36.
8
What is the remainder when 3479 is divided by 98?
49
What is the remainder when 2935491 is divided by 34?
33
Calculate the remainder when 11952 is divided by 5856.
240
Calculate the remainder when 359 is divided by 40.
39
What is the remainder when 44889 is divided by 53?
51
What is the remainder when 633095 is divided by 17?
15
What is the remainder when 501362 is divided by 362?
354
What is the remainder when 4359485 is divided by 647?
646
Calculate the remainder when 1600 is divided by 428.
316
Calculate the remainder when 3325 is divided by 221.
10
What is the remainder when 34423 is divided by 316?
295
Calculate the remainder when 1059 is divided by 271.
246
What is the remainder when 5691 is divided by 218?
23
Calculate the remainder when 2146 is divided by 1031.
84
What is the remainder when 222121 is divided by 96?
73
What is the remainder when 3334 is divided by 659?
39
Calculate the remainder when 8163 is divided by 146.
133
What is the remainder when 86479 is divided by 4803?
25
Calculate the remainder when 12091 is divided by 338.
261
What is the remainder when 30430 is divided by 7606?
6
What is the remainder when 891 is divided by 128?
123
What is the remainder when 4034301 is divided by 576?
573
Calculate the remainder when 37201 is divided by 305.
296
Calculate the remainder when 161127 is divided by 10069.
23
Calculate the remainder when 100862 is divided by 260.
242
Calculate the remainder when 1155880 is divided by 8.
0
Calculate the remainder when 2395 is divided by 2363.
32
What is the remainder when 521114 is divided by 20?
14
What is the remainder when 927 is divided by 153?
9
What is the remainder when 20330 is divided by 328?
322
What is the remainder when 1054 is divided by 231?
130
What is the remainder when 128917 is divided by 2149?
2126
Calculate the remainder when 6794 is divided by 179.
171
What is the remainder when 6319 is divided by 3028?
263
What is the remainder when 587049 is divided by 709?
706
What is the remainder when 1635 is divided by 269?
21
What is the remainder when 28476 is divided by 28472?
4
What is the remainder when 12608 is divided by 77?
57
What is the remainder when 354641 is divided by 177320?
1
Calculate the remainder when 19635 is divided by 119.
0
What is the remainder when 44812 is divided by 36?
28
What is the remainder when 5037 is divided by 432?
285
What is the remainder when 18968 is divided by 25?
18
Calculate the remainder when 4801 is divided by 60.
1
Calculate the remainder when 1258929 is divided by 134.
133
Calculate the remainder when 2763 is divided by 153.
9
What is the remainder when 489458 is divided by 17?
11
What is the remainder when 25729 is divided by 28?
25
Calculate the remainder when 479 is divided by 478.
1
What is the remainder when 1244 is divided by 202?
32
What is the remainder when 8370 is divided by 256?
178
Calculate the remainder when 175710 is divided by 175691.
19
What is the remainder when 58370 is divided by 166?
104
What is the remainder when 59641 is divided by 29817?
7
What is the remainder when 7074 is divided by 61?
59
Calculate the remainder when 575919 is divided by 421.
412
Calculate the remainder when 708919 is divided by 25.
19
What is the remainder when 7868 is divided by 11?
3
Calculate the remainder when 724887 is divided by 8840.
7
What is the remainder when 81949 is divided by 50?
49
Calculate the remainder when 492359 is divided by 110.
109
Calculate the remainder when 40789 is divided by 742.
721
Calculate the remainder when 281769 is divided by 178.
173
Calculate the remainder when 635763 is divided by 17.
14
Calculate the remainder when 79478 is divided by 277.
256
What is the remainder when 5576 is divided by 1365?
116
Calculate the remainder when 4802 is divided by 137.
7
What is the remainder when 18539 is divided by 323?
128
Calculate the remainder when 9777 is divided by 974.
37
Calculate the remainder when 1706 is divided by 530.
116
Calculate the remainder when 221174 is divided by 573.
569
Calculate the remainder when 3855 is divided by 390.
345
What is the remainder when 68034 is divided by 22?
10
What is the remainder when 2040 is divided by 283?
59
What is the remainder when 2736 is divided by 571?
452
What is the remainder when 21285 is divided by 697?
375
Calculate the remainder when 19313 is divided by 483.
476
What is the remainder when 206807 is divided by 206743?
64
Calculate the remainder when 9835 is divided by 2996.
847
What is the remainder when 69983 is divided by 123?
119
What is the remainder when 70964 is divided by 3942?
8
What is the remainder when 128584 is divided by 25713?
19
Calculate the remainder when 308498 is divided by 20.
18
What is the remainder when 928675 is divided by 476?
475
Calculate the remainder when 146899 is divided by 94.
71
What is the remainder when 43449 is divided by 378?
357
Calculate the remainder when 4230 is divided by 2113.
4
Calculate the remainder when 34075 is divided by 599.
531
Calculate the remainder when 712832 is divided by 107.
105
What is the remainder when 10788 is divided by 174?
0
Calculate the remainder when 58142 is divided by 3420.
2
Calculate the remainder when 403 is divided by 69.
58
What is the remainder when 738049 is divided by 17?
11
What is the remainder when 2263 is divided by 189?
184
What is the remainder when 4744 is divided by 908?
204
Calculate the remainder when 3162164 is divided by 1958.
1952
What is the remainder when 1325 is divided by 299?
129
What is the remainder when 171655 is divided by 402?
1
What is the remainder when 16311 is divided by 111?
105
What is the remainder when 3419 is divided by 10?
9
Calculate the remainder when 323853 is divided by 20.
13
Calculate the remainder when 11570 is divided by 44.
42
Calculate the remainder when 1331 is divided by 168.
155
What is the remainder when 120429 is divided by 1281?
15
What is the remainder when 6534 is divided by 1982?
588
What is the remainder when 1558 is divided by 581?
396
Calculate the remainder when 14790 is divided by 36.
30
Calculate the remainder when 31027 is divided by 1092.
451
Calculate the remainder when 3805 is divided by 41.
33
Calculate the remainder when 92822 is divided by 436.
390
What is the remainder when 158393 is divided by 401?
399
What is the remainder when 6568 is divided by 470?
458
What is the remainder when 3003 is divided by 2751?
252
Calculate the remainder when 1084 is divided by 509.
66
What is the remainder when 2500 is divided by 122?
60
Calculate the remainder when 1438 is divided by 421.
175
What is the remainder when 1361662 is divided by 96?
94
Calculate the remainder when 32023 is divided by 10672.
7
What is the remainder when 873270 is divided by 19?
11
Calculate the remainder when 23482 is divided by 939.
7
What is the remainder when 1119 is divided by 562?
557
What is the remainder when 10809 is divided by 208?
201
Calculate the remainder when 659 is divided by 24.
11
Calculate the remainder when 840 is divided by 111.
63
Calculate the remainder when 1886 is divided by 96.
62
What is the remainder when 54959 is divided by 182?
177
What is the remainder when 173327 is divided by 6190?
7
What is the remainder when 78612 is divided by 19559?
376
What is the remainder when 34985 is divided by 34972?
13
Calculate the remainder when 9993 is divi